 5*o + 5*t - 420 = 0, 0 = -4*o - t + 3*t + 324. Suppose -3*l + 198 = -0*l - 3*c, l + 3*c = o. Calculate the greatest common factor of 14 and l.
14
Suppose 5*r - 12 = -2. Let g be (-1 + 37)*(-20)/(-16). Suppose w - r*w = -g. Calculate the greatest common divisor of w and 9.
9
Suppose 3*k - 163 = -5*r, r + r - 74 = k. Let b be (-34)/(-6) + (-4)/6. What is the greatest common factor of r and b?
5
Suppose 2*y = 2*z + 22, y - 29 = 4*z + 2*y. Let w be (68/z)/(2/(-20)). Calculate the greatest common divisor of w and 17.
17
Let a(l) = -l**2 + 7*l + 10. Let g be a(8). Calculate the highest common factor of 5 and g.
1
Let b = -120 + 156. What is the greatest common factor of b and 9?
9
Let i(u) be the first derivative of -u**2/2 - u + 1. Let j be i(-3). What is the greatest common divisor of j and 16?
2
Suppose -2*n = -5*c + 178, -n + 5*n - 76 = -2*c. What is the greatest common factor of c and 252?
36
Let n = -20 - -20. Suppose 2*x = -5*r + 605, 3*x = -3*r - n*x + 372. What is the greatest common factor of 17 and r?
17
Suppose -2*g + 6 = -0. Calculate the greatest common divisor of g and 3.
3
Let q(n) = n**3 + 8*n**2 + 5*n - 8. Let d be q(-6). Calculate the greatest common divisor of d and 85.
17
Let g be -10*(-4 + 8/4). Let c = -36 + 55. Suppose 3*z + c = x, x - 21 = -2*x - 3*z. What is the greatest common factor of x and g?
10
Let q be (-9)/(-3) - (-2)/1. Let m be (-16)/40 - (-802)/q. What is the highest common factor of m and 32?
32
Suppose 2*q - 4*f = -9*f + 59, 0 = -5*q - f + 113. What is the highest common divisor of 2 and q?
2
Let i be (8/(-20))/(2/(-20)). Suppose -4*n = -5*v - 2 + 6, -2*v - i = -3*n. Suppose 3*s = 8*s - 180. What is the highest common factor of n and s?
4
Suppose -s + 3*d - 17 = -0*s, -2*d = 2*s + 10. Let n = s - -64. What is the highest common factor of 7 and n?
7
Let u(y) = y**2 + y + 1. Let m(h) = 5*h**2 + 8*h + 5. Let r(n) = m(n) - 3*u(n). Let t be r(4). Calculate the highest common factor of t and 6.
6
Suppose 0 = 5*g - 46 - 9. Let b = -79 - -123. Calculate the highest common divisor of b and g.
11
Let s(k) = -31*k + 2. Let u be s(-3). Let a(c) = c**3 - 7*c**2 - 2*c + 4. Let q be a(3). Let v be (q/8)/(1/(-4)). What is the highest common divisor of u and v?
19
Let m be 16 - 7 - 2*-1. Calculate the highest common divisor of m and 121.
11
Suppose -31 = 5*n - 131. Calculate the highest common divisor of 40 and n.
20
Suppose -1 = 4*n - 5*n. Suppose 2*s = 7*s - 65. Let f = -8 + s. Calculate the greatest common factor of f and n.
1
Suppose -3*m = 2*j - 50, 3*m - j = -5*j + 46. Calculate the highest common divisor of 6 and m.
6
Let g be ((-9)/4)/((-2)/8). What is the highest common factor of 27 and g?
9
Let b = -11 + 21. Let k = 214 - 124. What is the greatest common divisor of b and k?
10
Let o = 14 + 58. Let t = -36 + 53. Suppose -41 + t = -3*i. What is the greatest common divisor of i and o?
8
Suppose -6 = -3*k + 6. Let j(a) = 9*a + 7. Let h be j(-6). Let q be h/(-4) - (-1)/4. Calculate the greatest common divisor of q and k.
4
Suppose -2*w - w + 1879 = x, -x - 2510 = -4*w. Suppose -4*u = -w + 67. What is the highest common divisor of 14 and u?
14
Let o(a) = a. Let y = 13 - 8. Let p be o(y). Let l be (2 + 16/(-3))*-3. What is the greatest common factor of p and l?
5
Suppose -3*d - 2*o = -145, 5*o + 162 = 5*d - 38. Let w = 89 - d. What is the highest common factor of 11 and w?
11
Suppose 65 = r + 4*r. Let v be (-77)/(-7)*(-4)/(-2). Suppose 3*k - v = 212. Calculate the highest common factor of k and r.
13
Let x = 21 + -7. Suppose 2*l = 5*n + 24, -5*l + 2*n + 9 = -9. Suppose -3*m + 142 = -l*m + 3*c, -3*m = -c - 466. What is the highest common factor of m and x?
14
Suppose z + 4*r + 14 = 0, 4*r = z + 4*z - 50. What is the greatest common factor of z and 9?
3
Let w(r) = r + 1. Let d be w(-3). Let g be (-3 + 1)/d*220. What is the highest common divisor of 20 and g?
20
Let d = 21 + -14. Let q(g) = 3*g**2 + 2. Let i be q(5). What is the greatest common factor of d and i?
7
Suppose -3*z = -4*z + 3. Let d(r) = 13*r**2 + 3. Let f be d(z). Suppose q + f = 6*q. What is the highest common factor of 16 and q?
8
Suppose -3*n - 1 + 13 = 0. Suppose -5*z + 123 = -3*b, -2*z - 66 = -n*z - 3*b. What is the highest common divisor of z and 18?
9
Let l = 43 + -30. Suppose 2*g = 2*n - 110, -2*g = -4*n - 3*g + 205. What is the greatest common divisor of n and l?
13
Suppose -f - 2*f = -5*v - 43, 2*v = 4*f - 48. What is the highest common factor of 187 and f?
11
Let d be (4 + -3)*(-1 + -1). Let a be -48*(d + -1)*1. Calculate the highest common divisor of a and 18.
18
Let w(k) = -k + 1. Let z be w(1). Let s = -7 - -15. Let n = s - z. What is the greatest common factor of 72 and n?
8
Let a = 46 - 43. Suppose s - 294 = -3*u, -4*u - 8*s = -a*s - 381. Let o(r) = r**2 + 11. Let w be o(0). What is the highest common factor of u and w?
11
Let d = -20 + 38. Calculate the highest common divisor of d and 12.
6
Suppose 2*f + 891 = 5*f. Calculate the highest common divisor of 33 and f.
33
Let p be (-15)/(-9) + (-1)/(-3). Let i(f) = 11*f**3 - 2*f**2 + 3*f - 2. Let y be i(p). Calculate the greatest common factor of y and 21.
21
Let d = 7 + -4. Let x be 8/(-2)*(-21)/4. What is the greatest common divisor of d and x?
3
Let d be 34/1 + 0/(-9). Calculate the highest common factor of d and 170.
34
Let o = -48 + 59. Calculate the highest common divisor of o and 11.
11
Suppose 49*u + 8 = 51*u. Suppose -2*f + 9 = -9. Suppose -u*a = -f - 27. What is the greatest common factor of 72 and a?
9
Let w = -26 + 33. Let h be 0 - 2*1/(-2). What is the greatest common factor of w and h?
1
Let h = 16 + 28. What is the highest common divisor of 22 and h?
22
Let i be 15/6*(2 + 4). Let k be (1 - (1 + i))*-1. Calculate the greatest common divisor of k and 15.
15
Suppose -74 = -3*m + 46. Let s = -130 + 140. Calculate the highest common divisor of m and s.
10
Let j = 41 + -22. Suppose -3*h + 821 = 4*s, 2*s = -3*h - 2*h + 393. Calculate the highest common divisor of s and j.
19
Suppose 3*g = 4*t - 5*t + 31, -36 = -4*g - 4*t. Calculate the highest common divisor of g and 121.
11
Suppose 0 = 2*m - 5*m + 18. Let u = 8 + m. What is the greatest common factor of u and 56?
14
Let s = -51 - -58. What is the highest common factor of s and 2?
1
Let c(s) = 2*s**3 - 5*s**2 + s - 4. Let o be c(4). Calculate the greatest common divisor of o and 12.
12
Let v(f) = 59*f**3 + f**2 - f + 1. Let l be v(1). Suppose -4*d - 12 = -3*d. Let c be 7*(0 - d/7). Calculate the greatest common divisor of c and l.
12
Suppose -5*r + 8 = -7. Suppose 10 = r*q - 8. What is the greatest common divisor of 2 and q?
2
Let o(p) = p**2 - 4. Let h be o(3). Suppose -2*n - 4*d + 21 = -h, 0 = -3*n + 4*d + 9. What is the greatest common divisor of 14 and n?
7
Let s(a) = -a - 16. Let b(o) = 2*o + 32. Suppose -5 = -0*t - t. Let y(m) = t*s(m) + 3*b(m). Let c be y(0). What is the highest common factor of 80 and c?
16
Let q be (13 + -1)*(-1)/(-3). Let l be ((-28)/(-6))/(q/6). Calculate the highest common divisor of 63 and l.
7
Let z(c) = 6*c - 22*c - 1 + 102*c. Suppose 3*i + 4*j - 8*j + 6 = 0, 4*j - 8 = 2*i. Let g be z(i). What is the highest common factor of 19 and g?
19
Let r be 49/3 - (-2)/(-6). Let b be (-49)/(-2) + (-6)/12. Calculate the greatest common factor of b and r.
8
Let k = 240 - 168. What is the greatest common factor of k and 9?
9
Let x be 16/9 + (-10)/(-45). Let g be 1/(0 - 0 - 1). Let r be x/(g/(-2) - 0). Calculate the greatest common divisor of 36 and r.
4
Suppose -5*u + 28 = -212. Calculate the greatest common divisor of u and 12.
12
Let t = 16 - -23. Let h(c) = -2*c - 5. Let f be h(-6). Suppose -t + f = -4*a. What is the highest common factor of 1 and a?
1
Let g be 9 - (2 + 1)/3. Let q(y) = -3*y + y**3 + 1 - 9*y**2 + 8*y + 4*y - 3. Let c be q(g). Calculate the greatest common divisor of c and 6.
6
Let w be 122/3 - (-2)/(-3). Suppose -c + 44 = 4*k, -k - 2*k = 3*c - 42. Calculate the greatest common divisor of w and k.
10
Let u(i) = -13*i + 11. Let x be u(-11). Calculate the greatest common factor of x and 22.
22
Suppose -7*q = 48 - 524. Calculate the greatest common factor of q and 17.
17
Let b(h) = -h**3 + h**2 + 4*h + 110. Let q be b(0). Calculate the greatest common divisor of q and 10.
10
Let f = -44 + 66. Suppose -12*q